{"id":66,"date":"2025-04-07T18:52:03","date_gmt":"2025-04-07T18:52:03","guid":{"rendered":"http:\/\/www.greenplan.com.tr\/?page_id=66"},"modified":"2025-07-21T14:28:42","modified_gmt":"2025-07-21T14:28:42","slug":"ekibimiz","status":"publish","type":"page","link":"https:\/\/www.greenplan.com.tr\/index.php\/ekibimiz\/","title":{"rendered":"Ekibimiz"},"content":{"rendered":"\t\t<div data-elementor-type=\"wp-page\" data-elementor-id=\"66\" class=\"elementor elementor-66\">\n\t\t\t\t<div class=\"elementor-element elementor-element-4074a977 e-flex e-con-boxed e-con e-parent\" data-id=\"4074a977\" data-element_type=\"container\" data-e-type=\"container\">\n\t\t\t\t\t<div class=\"e-con-inner\">\n\t\t\t\t<div class=\"elementor-element elementor-element-73740ff5 elementor-widget elementor-widget-text-editor\" data-id=\"73740ff5\" data-element_type=\"widget\" data-e-type=\"widget\" data-widget_type=\"text-editor.default\">\n\t\t\t\t<div class=\"elementor-widget-container\">\n\t\t\t\t\t\t\t\t\t\n<p>Green Plan, \u00e7evre m\u00fchendislerinden \u015fehir planc\u0131lar\u0131na, biyologlardan jeologlara kadar geni\u015f uzmanl\u0131k alanlar\u0131na sahip deneyimli bir ekipten olu\u015fur. Her biri alan\u0131nda yetkin profesyonellerden olu\u015fan kadromuz; proje dan\u0131\u015fmanl\u0131\u011f\u0131, raporlama, e\u011fitim ve izleme s\u00fcre\u00e7lerinde yenilik\u00e7i ve analitik yakla\u015f\u0131mlarla hizmet sunar.<\/p>\n\n<p>Ekibimiz; ulusal ve uluslararas\u0131 projelerde deneyim kazanm\u0131\u015f, \u00e7evre mevzuat\u0131 konusunda g\u00fcncel bilgiye sahip, multidisipliner \u00e7al\u0131\u015fabilen uzmanlardan olu\u015fur. \u0130\u015f s\u00fcre\u00e7lerimizde sadece teknik yeterlili\u011fi de\u011fil, ayn\u0131 zamanda sosyal ve k\u00fclt\u00fcrel duyarl\u0131l\u0131\u011f\u0131 da \u00f6n planda tutar\u0131z. Saha \u00e7al\u0131\u015fmalar\u0131ndan masa ba\u015f\u0131 raporlamaya, kurum i\u00e7i e\u011fitimlerden kamu bilgilendirme toplant\u0131lar\u0131na kadar her a\u015famada etkin bir ekip anlay\u0131\u015f\u0131yla hareket ederiz. Dinamik yap\u0131m\u0131z, esnek organizasyon kabiliyetimiz ve \u00e7\u00f6z\u00fcm odakl\u0131 yakla\u015f\u0131m\u0131m\u0131zla her \u00f6l\u00e7ekteki projeye \u00f6zel hizmet sunmaktay\u0131z.<\/p>\n\t\t\t\t\t\t\t\t<\/div>\n\t\t\t\t<\/div>\n\t\t\t\t\t<\/div>\n\t\t\t\t<\/div>\n\t\t\t\t<\/div>\n\t\t","protected":false},"excerpt":{"rendered":"<p>Green Plan, \u00e7evre m\u00fchendislerinden \u015fehir planc\u0131lar\u0131na, biyologlardan jeologlara kadar geni\u015f uzmanl\u0131k alanlar\u0131na sahip deneyimli bir ekipten olu\u015fur. Her biri alan\u0131nda yetkin profesyonellerden olu\u015fan kadromuz; proje dan\u0131\u015fmanl\u0131\u011f\u0131, raporlama, e\u011fitim ve izleme s\u00fcre\u00e7lerinde yenilik\u00e7i ve analitik yakla\u015f\u0131mlarla hizmet sunar. Ekibimiz; ulusal ve uluslararas\u0131 projelerde deneyim kazanm\u0131\u015f, \u00e7evre mevzuat\u0131 konusunda g\u00fcncel bilgiye sahip, multidisipliner \u00e7al\u0131\u015fabilen uzmanlardan olu\u015fur. \u0130\u015f [&hellip;]<\/p>\n","protected":false},"author":1,"featured_media":0,"parent":0,"menu_order":0,"comment_status":"closed","ping_status":"closed","template":"elementor_header_footer","meta":{"footnotes":""},"class_list":["post-66","page","type-page","status-publish","hentry"],"blog_post_layout_featured_media_urls":{"thumbnail":"","full":""},"categories_names":null,"comments_number":"0","wpmagazine_modules_lite_featured_media_urls":{"thumbnail":"","cvmm-medium":"","cvmm-medium-plus":"","cvmm-portrait":"","cvmm-medium-square":"","cvmm-large":"","cvmm-small":"","full":""},"jetpack_sharing_enabled":true,"rttpg_featured_image_url":null,"rttpg_author":{"display_name":"admin","author_link":"https:\/\/www.greenplan.com.tr\/index.php\/author\/admin\/"},"rttpg_comment":0,"rttpg_category":null,"rttpg_excerpt":"Green Plan, \u00e7evre m\u00fchendislerinden \u015fehir planc\u0131lar\u0131na, biyologlardan jeologlara kadar geni\u015f uzmanl\u0131k alanlar\u0131na sahip deneyimli bir ekipten olu\u015fur. Her biri alan\u0131nda yetkin profesyonellerden olu\u015fan kadromuz; proje dan\u0131\u015fmanl\u0131\u011f\u0131, raporlama, e\u011fitim ve izleme s\u00fcre\u00e7lerinde yenilik\u00e7i ve analitik yakla\u015f\u0131mlarla hizmet sunar. Ekibimiz; ulusal ve uluslararas\u0131 projelerde deneyim kazanm\u0131\u015f, \u00e7evre mevzuat\u0131 konusunda g\u00fcncel bilgiye sahip, multidisipliner \u00e7al\u0131\u015fabilen uzmanlardan olu\u015fur. \u0130\u015f&hellip;","_links":{"self":[{"href":"https:\/\/www.greenplan.com.tr\/index.php\/wp-json\/wp\/v2\/pages\/66","targetHints":{"allow":["GET"]}}],"collection":[{"href":"https:\/\/www.greenplan.com.tr\/index.php\/wp-json\/wp\/v2\/pages"}],"about":[{"href":"https:\/\/www.greenplan.com.tr\/index.php\/wp-json\/wp\/v2\/types\/page"}],"author":[{"embeddable":true,"href":"https:\/\/www.greenplan.com.tr\/index.php\/wp-json\/wp\/v2\/users\/1"}],"replies":[{"embeddable":true,"href":"https:\/\/www.greenplan.com.tr\/index.php\/wp-json\/wp\/v2\/comments?post=66"}],"version-history":[{"count":4,"href":"https:\/\/www.greenplan.com.tr\/index.php\/wp-json\/wp\/v2\/pages\/66\/revisions"}],"predecessor-version":[{"id":889,"href":"https:\/\/www.greenplan.com.tr\/index.php\/wp-json\/wp\/v2\/pages\/66\/revisions\/889"}],"wp:attachment":[{"href":"https:\/\/www.greenplan.com.tr\/index.php\/wp-json\/wp\/v2\/media?parent=66"}],"curies":[{"name":"wp","href":"https:\/\/api.w.org\/{rel}","templated":true}]}}